{"id":89,"date":"2021-03-29T23:53:26","date_gmt":"2021-03-29T20:53:26","guid":{"rendered":"https:\/\/eqso.titanix.net\/?page_id=89"},"modified":"2021-04-01T13:50:08","modified_gmt":"2021-04-01T10:50:08","slug":"eqso-dmr","status":"publish","type":"page","link":"https:\/\/eqso.titanix.net\/?page_id=89","title":{"rendered":"eQSO DMR"},"content":{"rendered":"\t\t<div data-elementor-type=\"wp-page\" data-elementor-id=\"89\" class=\"elementor elementor-89\">\n\t\t\t\t\t\t\t\t\t<section class=\"elementor-section elementor-top-section elementor-element elementor-element-22b22d5 elementor-section-boxed elementor-section-height-default elementor-section-height-default\" data-id=\"22b22d5\" data-element_type=\"section\">\n\t\t\t\t\t\t<div class=\"elementor-container elementor-column-gap-default\">\n\t\t\t\t\t<div class=\"elementor-column elementor-col-100 elementor-top-column elementor-element elementor-element-f42a660\" data-id=\"f42a660\" data-element_type=\"column\">\n\t\t\t<div class=\"elementor-widget-wrap elementor-element-populated\">\n\t\t\t\t\t\t\t\t<div class=\"elementor-element elementor-element-4b7263e elementor-widget elementor-widget-heading\" data-id=\"4b7263e\" data-element_type=\"widget\" data-widget_type=\"heading.default\">\n\t\t\t\t<div class=\"elementor-widget-container\">\n\t\t\t<h2 class=\"elementor-heading-title elementor-size-default\">DMR Verkko ja eQSO<\/h2>\t\t<\/div>\n\t\t\t\t<\/div>\n\t\t\t\t\t<\/div>\n\t\t<\/div>\n\t\t\t\t\t\t\t<\/div>\n\t\t<\/section>\n\t\t\t\t<section class=\"elementor-section elementor-top-section elementor-element elementor-element-4316d9a elementor-section-boxed elementor-section-height-default elementor-section-height-default\" data-id=\"4316d9a\" data-element_type=\"section\">\n\t\t\t\t\t\t<div class=\"elementor-container elementor-column-gap-default\">\n\t\t\t\t\t<div class=\"elementor-column elementor-col-100 elementor-top-column elementor-element elementor-element-0657e61\" data-id=\"0657e61\" data-element_type=\"column\">\n\t\t\t<div class=\"elementor-widget-wrap elementor-element-populated\">\n\t\t\t\t\t\t\t\t<div class=\"elementor-element elementor-element-f526843 elementor-widget elementor-widget-text-editor\" data-id=\"f526843\" data-element_type=\"widget\" data-widget_type=\"text-editor.default\">\n\t\t\t\t<div class=\"elementor-widget-container\">\n\t\t\t\t\t\t\t<p>Mik\u00e4 on DMR?<\/p>\n<p><b>D<\/b>igital<b>M<\/b>obile<b>R<\/b>adio on digitaalinen liikennemuoto, tuttua hamsseista. Nyt my\u00f6s tiett\u00e4v\u00e4sti ensimm\u00e4isen\u00e4 suomessa on vapaa DMR verkko, johon ei tarvita lisenssi\u00e4.<br><b>HUOM!<\/b> \u00c4l\u00e4 sekoita dPMR DMR:\u00e4\u00e4n, ne on t\u00e4ysin kaksi eri asiaa ja k\u00e4ytt\u00e4\u00e4 omia protokolia. <br><\/p>\n<p>Tarvitaan vain ID joka t\u00e4ytyy rekister\u00f6id\u00e4(verkko on testivaiheessa, joten rekister\u00f6inti systeemi on rakenteilla)<\/p>\n<p>Tarvitset my\u00f6s HOTSPOT tai eQSO linkki joka on DMR:lle. Lailisesti tiett\u00e4v\u00e4sti voi ainoastaan k\u00e4ytt\u00e4\u00e4 hotspottia jossa on l\u00e4hetysteho 20mW ja k\u00e4siradio PMR446-DMR joka on varustettu kiinte\u00e4ll\u00e4 antennilla ja l\u00e4hetysteho on 500mW maksimissaan. t\u00e4m\u00e4 radio voi olla esimerkiksi Radioddity GD73E PMR446 license free versio.<\/p>\t\t\t\t\t\t<\/div>\n\t\t\t\t<\/div>\n\t\t\t\t\t<\/div>\n\t\t<\/div>\n\t\t\t\t\t\t\t<\/div>\n\t\t<\/section>\n\t\t\t\t<section class=\"elementor-section elementor-top-section elementor-element elementor-element-ec3e7ee elementor-section-boxed elementor-section-height-default elementor-section-height-default\" data-id=\"ec3e7ee\" data-element_type=\"section\">\n\t\t\t\t\t\t<div class=\"elementor-container elementor-column-gap-default\">\n\t\t\t\t\t<div class=\"elementor-column elementor-col-100 elementor-top-column elementor-element elementor-element-144a4af\" data-id=\"144a4af\" data-element_type=\"column\">\n\t\t\t<div class=\"elementor-widget-wrap elementor-element-populated\">\n\t\t\t\t\t\t\t\t<div class=\"elementor-element elementor-element-de4505f elementor-widget elementor-widget-heading\" data-id=\"de4505f\" data-element_type=\"widget\" data-widget_type=\"heading.default\">\n\t\t\t\t<div class=\"elementor-widget-container\">\n\t\t\t<h2 class=\"elementor-heading-title elementor-size-default\">eQSO DMR Palvelin<\/h2>\t\t<\/div>\n\t\t\t\t<\/div>\n\t\t\t\t\t<\/div>\n\t\t<\/div>\n\t\t\t\t\t\t\t<\/div>\n\t\t<\/section>\n\t\t\t\t<section class=\"elementor-section elementor-top-section elementor-element elementor-element-44db581 elementor-section-boxed elementor-section-height-default elementor-section-height-default\" data-id=\"44db581\" data-element_type=\"section\">\n\t\t\t\t\t\t<div class=\"elementor-container elementor-column-gap-default\">\n\t\t\t\t\t<div class=\"elementor-column elementor-col-100 elementor-top-column elementor-element elementor-element-7363ae0\" data-id=\"7363ae0\" data-element_type=\"column\">\n\t\t\t<div class=\"elementor-widget-wrap elementor-element-populated\">\n\t\t\t\t\t\t\t\t<div class=\"elementor-element elementor-element-4e60248 elementor-widget elementor-widget-text-editor\" data-id=\"4e60248\" data-element_type=\"widget\" data-widget_type=\"text-editor.default\">\n\t\t\t\t<div class=\"elementor-widget-container\">\n\t\t\t\t\t\t\t<p>eQSO DMR on vapaa kaikkien k\u00e4yt\u00f6ss\u00e4 oleva verkko.<br>DMR palvelimeen voi yhdist\u00e4\u00e4 MMDVM tai openspot laitteella osoitteella: <b>eqsodmr.titanix.net <\/b>portissa<b> 55555<\/b><br>Puheryhm\u00e4\u00e4 k\u00e4ytet\u00e4\u00e4n <b>TG1<\/b>. kaikki liikennemuoto muunetaan analogiseksi vanhan eqso puolelle molempiin suuntiin, kaikki DMR liikenne kesken\u00e4\u00e4n kulkee digitaalisena ilman muunosta.<\/p>\n<p>eQSO DMR palvelimessa ei saa k\u00e4ytt\u00e4\u00e4 244* alkuisia ID-Numeroita, on k\u00e4ytett\u00e4v\u00e4 jotain muuta numeroa(rekister\u00f6inti systeemi my\u00f6hemmin, jotta k\u00e4ytt\u00e4j\u00e4t ei k\u00e4yt\u00e4 samaa id:t\u00e4) mutta testivaiheessa ihan sama mik\u00e4 id laittaa.<\/p>\n<p>DMR radio on hyv\u00e4 asettaa kanavalle PMR 9 ja 16 v\u00e4lille k\u00e4ytten V\u00e4rikoodia 1 (<b>CC<\/b> ColorCode).<\/p>\t\t\t\t\t\t<\/div>\n\t\t\t\t<\/div>\n\t\t\t\t\t<\/div>\n\t\t<\/div>\n\t\t\t\t\t\t\t<\/div>\n\t\t<\/section>\n\t\t\t\t<section class=\"elementor-section elementor-top-section elementor-element elementor-element-adca3a8 elementor-section-boxed elementor-section-height-default elementor-section-height-default\" data-id=\"adca3a8\" data-element_type=\"section\">\n\t\t\t\t\t\t<div class=\"elementor-container elementor-column-gap-default\">\n\t\t\t\t\t<div class=\"elementor-column elementor-col-100 elementor-top-column elementor-element elementor-element-1ac269a\" data-id=\"1ac269a\" data-element_type=\"column\">\n\t\t\t<div class=\"elementor-widget-wrap elementor-element-populated\">\n\t\t\t\t\t\t\t\t<div class=\"elementor-element elementor-element-2ac7826 elementor-widget elementor-widget-heading\" data-id=\"2ac7826\" data-element_type=\"widget\" data-widget_type=\"heading.default\">\n\t\t\t\t<div class=\"elementor-widget-container\">\n\t\t\t<h2 class=\"elementor-heading-title elementor-size-default\">Pi-Star Hotspot asetukset<\/h2>\t\t<\/div>\n\t\t\t\t<\/div>\n\t\t\t\t\t<\/div>\n\t\t<\/div>\n\t\t\t\t\t\t\t<\/div>\n\t\t<\/section>\n\t\t\t\t<section class=\"elementor-section elementor-top-section elementor-element elementor-element-308cb56 elementor-section-boxed elementor-section-height-default elementor-section-height-default\" data-id=\"308cb56\" data-element_type=\"section\">\n\t\t\t\t\t\t<div class=\"elementor-container elementor-column-gap-default\">\n\t\t\t\t\t<div class=\"elementor-column elementor-col-100 elementor-top-column elementor-element elementor-element-7d60017\" data-id=\"7d60017\" data-element_type=\"column\">\n\t\t\t<div class=\"elementor-widget-wrap elementor-element-populated\">\n\t\t\t\t\t\t\t\t<div class=\"elementor-element elementor-element-931eb3f elementor-widget elementor-widget-text-editor\" data-id=\"931eb3f\" data-element_type=\"widget\" data-widget_type=\"text-editor.default\">\n\t\t\t\t<div class=\"elementor-widget-container\">\n\t\t\t\t\t\t\t<p>Avaa valmiiksi konfiguroitu pi-star aseta taajuudeksi PMR446 digital taajuus esim 446.19375 (kanava 16).<\/p><p>Mene Configuration &#8211; Expert &#8211; MMDVMHost &#8211; sielt\u00e4 kohta DMR Network, aseta Address <b>eqsodmr.titanix.net<\/b> ja portiksi <b>55555<\/b>, salasana <b>passw0rd<\/b><\/p><h5>HUOM! <b>Kun s\u00e4\u00e4d\u00e4t pi-star dashboardin administa jotain noi asetukset poistuu ja ne t\u00e4ytyy laittaa uusiksi, teeth\u00e4n t\u00e4m\u00e4n viimeisen\u00e4.<br \/><\/b><\/h5>\t\t\t\t\t\t<\/div>\n\t\t\t\t<\/div>\n\t\t\t\t\t<\/div>\n\t\t<\/div>\n\t\t\t\t\t\t\t<\/div>\n\t\t<\/section>\n\t\t\t\t<section class=\"elementor-section elementor-top-section elementor-element elementor-element-67e1559 elementor-section-boxed elementor-section-height-default elementor-section-height-default\" data-id=\"67e1559\" data-element_type=\"section\">\n\t\t\t\t\t\t<div class=\"elementor-container elementor-column-gap-default\">\n\t\t\t\t\t<div class=\"elementor-column elementor-col-100 elementor-top-column elementor-element elementor-element-f99a5f4\" data-id=\"f99a5f4\" data-element_type=\"column\">\n\t\t\t<div class=\"elementor-widget-wrap elementor-element-populated\">\n\t\t\t\t\t\t\t\t<div class=\"elementor-element elementor-element-ccd2703 elementor-widget elementor-widget-image\" data-id=\"ccd2703\" data-element_type=\"widget\" data-widget_type=\"image.default\">\n\t\t\t\t<div class=\"elementor-widget-container\">\n\t\t\t\t\t\t\t\t\t\t\t\t\t\t\t<img decoding=\"async\" loading=\"lazy\" width=\"640\" height=\"198\" src=\"https:\/\/eqso.titanix.net\/wp-content\/uploads\/2021\/04\/dmr1.png\" class=\"attachment-large size-large wp-image-95\" alt=\"\" srcset=\"https:\/\/eqso.titanix.net\/wp-content\/uploads\/2021\/04\/dmr1.png 812w, https:\/\/eqso.titanix.net\/wp-content\/uploads\/2021\/04\/dmr1-300x93.png 300w, https:\/\/eqso.titanix.net\/wp-content\/uploads\/2021\/04\/dmr1-768x237.png 768w\" sizes=\"(max-width: 640px) 100vw, 640px\" \/>\t\t\t\t\t\t\t\t\t\t\t\t\t\t\t<\/div>\n\t\t\t\t<\/div>\n\t\t\t\t\t<\/div>\n\t\t<\/div>\n\t\t\t\t\t\t\t<\/div>\n\t\t<\/section>\n\t\t\t\t\t\t\t<\/div>\n\t\t","protected":false},"excerpt":{"rendered":"<p>DMR Verkko ja eQSO Mik\u00e4 on DMR? DigitalMobileRadio on digitaalinen liikennemuoto, tuttua hamsseista. Nyt my\u00f6s tiett\u00e4v\u00e4sti ensimm\u00e4isen\u00e4 suomessa on vapaa DMR verkko, johon ei tarvita lisenssi\u00e4.HUOM! \u00c4l\u00e4 sekoita dPMR DMR:\u00e4\u00e4n, ne on t\u00e4ysin kaksi eri asiaa ja k\u00e4ytt\u00e4\u00e4 omia protokolia. Tarvitaan vain ID joka t\u00e4ytyy rekister\u00f6id\u00e4(verkko on testivaiheessa, joten rekister\u00f6inti systeemi on rakenteilla) Tarvitset my\u00f6s [&hellip;]<\/p>\n","protected":false},"author":1,"featured_media":0,"parent":0,"menu_order":0,"comment_status":"closed","ping_status":"closed","template":"","meta":{"footnotes":""},"_links":{"self":[{"href":"https:\/\/eqso.titanix.net\/index.php?rest_route=\/wp\/v2\/pages\/89"}],"collection":[{"href":"https:\/\/eqso.titanix.net\/index.php?rest_route=\/wp\/v2\/pages"}],"about":[{"href":"https:\/\/eqso.titanix.net\/index.php?rest_route=\/wp\/v2\/types\/page"}],"author":[{"embeddable":true,"href":"https:\/\/eqso.titanix.net\/index.php?rest_route=\/wp\/v2\/users\/1"}],"replies":[{"embeddable":true,"href":"https:\/\/eqso.titanix.net\/index.php?rest_route=%2Fwp%2Fv2%2Fcomments&post=89"}],"version-history":[{"count":16,"href":"https:\/\/eqso.titanix.net\/index.php?rest_route=\/wp\/v2\/pages\/89\/revisions"}],"predecessor-version":[{"id":117,"href":"https:\/\/eqso.titanix.net\/index.php?rest_route=\/wp\/v2\/pages\/89\/revisions\/117"}],"wp:attachment":[{"href":"https:\/\/eqso.titanix.net\/index.php?rest_route=%2Fwp%2Fv2%2Fmedia&parent=89"}],"curies":[{"name":"wp","href":"https:\/\/api.w.org\/{rel}","templated":true}]}}