{"id":22,"date":"2021-03-29T21:16:27","date_gmt":"2021-03-29T18:16:27","guid":{"rendered":"https:\/\/eqso.titanix.net\/?page_id=22"},"modified":"2021-12-30T15:35:03","modified_gmt":"2021-12-30T12:35:03","slug":"eqso-paasivu","status":"publish","type":"page","link":"https:\/\/eqso.titanix.net\/","title":{"rendered":"Alkusivu"},"content":{"rendered":"\t\t<div data-elementor-type=\"wp-page\" data-elementor-id=\"22\" class=\"elementor elementor-22\">\n\t\t\t\t\t\t\t\t\t<section class=\"elementor-section elementor-top-section elementor-element elementor-element-02c2a9f elementor-section-boxed elementor-section-height-default elementor-section-height-default\" data-id=\"02c2a9f\" data-element_type=\"section\">\n\t\t\t\t\t\t<div class=\"elementor-container elementor-column-gap-default\">\n\t\t\t\t\t<div class=\"elementor-column elementor-col-100 elementor-top-column elementor-element elementor-element-3f72a5b\" data-id=\"3f72a5b\" data-element_type=\"column\">\n\t\t\t<div class=\"elementor-widget-wrap elementor-element-populated\">\n\t\t\t\t\t\t\t\t<div class=\"elementor-element elementor-element-3c3f4de elementor-widget elementor-widget-heading\" data-id=\"3c3f4de\" data-element_type=\"widget\" data-widget_type=\"heading.default\">\n\t\t\t\t<div class=\"elementor-widget-container\">\n\t\t\t<h2 class=\"elementor-heading-title elementor-size-default\">Johdanto, mik\u00e4 on eQSO ?<\/h2>\t\t<\/div>\n\t\t\t\t<\/div>\n\t\t\t\t\t<\/div>\n\t\t<\/div>\n\t\t\t\t\t\t\t<\/div>\n\t\t<\/section>\n\t\t\t\t<section class=\"elementor-section elementor-top-section elementor-element elementor-element-79b425a elementor-section-boxed elementor-section-height-default elementor-section-height-default\" data-id=\"79b425a\" data-element_type=\"section\">\n\t\t\t\t\t\t<div class=\"elementor-container elementor-column-gap-default\">\n\t\t\t\t\t<div class=\"elementor-column elementor-col-100 elementor-top-column elementor-element elementor-element-9a82f97\" data-id=\"9a82f97\" data-element_type=\"column\">\n\t\t\t<div class=\"elementor-widget-wrap elementor-element-populated\">\n\t\t\t\t\t\t\t\t<div class=\"elementor-element elementor-element-0e7481c elementor-widget elementor-widget-text-editor\" data-id=\"0e7481c\" data-element_type=\"widget\" data-widget_type=\"text-editor.default\">\n\t\t\t\t<div class=\"elementor-widget-container\">\n\t\t\t\t\t\t\t<p>eQSO j\u00e4rjestelm\u00e4 on avoin radio-verkko tarkoitettu luvasta vapautettujen laitteiden liitt\u00e4miseksi, esimerkiksi RHA 68, PMR 446, <a href=\"?page_id=89\" target=\"_blank\" rel=\"noopener\">DMR(digitaaliradiot)<\/a>, LA\/CB -Puhelimet (27MHz) sek\u00e4 joissakin m\u00e4\u00e4rin luvallisia VHF\/UHF toistimia voi my\u00f6s kytke\u00e4.<br>Kaikki radiot on liitetty kesken\u00e4\u00e4n, n\u00e4in ollen <b>liikenett\u00e4 syntyy ja voidaan pit\u00e4\u00e4 yhteyksi\u00e4 ymp\u00e4ri Suomea toistemme kanssa.<\/b><br>Kuka vain voi k\u00e4ytt\u00e4\u00e4 j\u00e4rjestelm\u00e4\u00e4 ja liitt\u00e4\u00e4 siihen radiolinkkej\u00e4, et tarvitse Radio\u00e4mat\u00f6\u00f6ri -lupaa siihen, koska k\u00e4ytet\u00e4\u00e4n luvasta vapautettuja taajuuksia.<\/p>\t\t\t\t\t\t<\/div>\n\t\t\t\t<\/div>\n\t\t\t\t\t<\/div>\n\t\t<\/div>\n\t\t\t\t\t\t\t<\/div>\n\t\t<\/section>\n\t\t\t\t<section class=\"elementor-section elementor-top-section elementor-element elementor-element-8d72b3f elementor-section-boxed elementor-section-height-default elementor-section-height-default\" data-id=\"8d72b3f\" data-element_type=\"section\">\n\t\t\t\t\t\t<div class=\"elementor-container elementor-column-gap-default\">\n\t\t\t\t\t<div class=\"elementor-column elementor-col-100 elementor-top-column elementor-element elementor-element-f4da821\" data-id=\"f4da821\" data-element_type=\"column\">\n\t\t\t<div class=\"elementor-widget-wrap elementor-element-populated\">\n\t\t\t\t\t\t\t\t<div class=\"elementor-element elementor-element-b31b4ab elementor-widget elementor-widget-text-editor\" data-id=\"b31b4ab\" data-element_type=\"widget\" data-widget_type=\"text-editor.default\">\n\t\t\t\t<div class=\"elementor-widget-container\">\n\t\t\t\t\t\t\t<p>T\u00e4st\u00e4 voit kuunella eqsoa realiaikaisesti (paina nappia RX MONITOR) <a href=\"http:\/\/eqso.titanix.net:50080\/\">http:\/\/eqso.titanix.net:50080\/<\/a><\/p>\t\t\t\t\t\t<\/div>\n\t\t\t\t<\/div>\n\t\t\t\t\t<\/div>\n\t\t<\/div>\n\t\t\t\t\t\t\t<\/div>\n\t\t<\/section>\n\t\t\t\t<section class=\"elementor-section elementor-top-section elementor-element elementor-element-3a72dcf elementor-section-boxed elementor-section-height-default elementor-section-height-default\" data-id=\"3a72dcf\" data-element_type=\"section\">\n\t\t\t\t\t\t<div class=\"elementor-container elementor-column-gap-default\">\n\t\t\t\t\t<div class=\"elementor-column elementor-col-100 elementor-top-column elementor-element elementor-element-4d6163e\" data-id=\"4d6163e\" data-element_type=\"column\">\n\t\t\t<div class=\"elementor-widget-wrap elementor-element-populated\">\n\t\t\t\t\t\t\t\t<div class=\"elementor-element elementor-element-a0baf3a elementor-widget elementor-widget-heading\" data-id=\"a0baf3a\" data-element_type=\"widget\" data-widget_type=\"heading.default\">\n\t\t\t\t<div class=\"elementor-widget-container\">\n\t\t\t<h2 class=\"elementor-heading-title elementor-size-default\">Verkon rakenne:<\/h2>\t\t<\/div>\n\t\t\t\t<\/div>\n\t\t\t\t\t<\/div>\n\t\t<\/div>\n\t\t\t\t\t\t\t<\/div>\n\t\t<\/section>\n\t\t\t\t<section class=\"elementor-section elementor-top-section elementor-element elementor-element-a2b74dd elementor-section-boxed elementor-section-height-default elementor-section-height-default\" data-id=\"a2b74dd\" data-element_type=\"section\">\n\t\t\t\t\t\t<div class=\"elementor-container elementor-column-gap-default\">\n\t\t\t\t\t<div class=\"elementor-column elementor-col-100 elementor-top-column elementor-element elementor-element-2c12262\" data-id=\"2c12262\" data-element_type=\"column\">\n\t\t\t<div class=\"elementor-widget-wrap elementor-element-populated\">\n\t\t\t\t\t\t\t\t<div class=\"elementor-element elementor-element-c2b1a77 elementor-widget elementor-widget-image\" data-id=\"c2b1a77\" data-element_type=\"widget\" data-widget_type=\"image.default\">\n\t\t\t\t<div class=\"elementor-widget-container\">\n\t\t\t\t\t\t\t\t\t\t\t\t\t\t\t\t<a href=\"https:\/\/eqso.titanix.net\/wp-content\/uploads\/2021\/04\/eqso_piirros.png\" data-elementor-open-lightbox=\"yes\" data-elementor-lightbox-title=\"eqso_piirros\" data-e-action-hash=\"#elementor-action%3Aaction%3Dlightbox%26settings%3DeyJpZCI6MTE4LCJ1cmwiOiJodHRwczpcL1wvZXFzby50aXRhbml4Lm5ldFwvd3AtY29udGVudFwvdXBsb2Fkc1wvMjAyMVwvMDRcL2Vxc29fcGlpcnJvcy5wbmcifQ%3D%3D\">\n\t\t\t\t\t\t\t<img decoding=\"async\" loading=\"lazy\" width=\"640\" height=\"452\" src=\"https:\/\/eqso.titanix.net\/wp-content\/uploads\/2021\/04\/eqso_piirros.png\" class=\"attachment-large size-large wp-image-118\" alt=\"\" srcset=\"https:\/\/eqso.titanix.net\/wp-content\/uploads\/2021\/04\/eqso_piirros.png 842w, https:\/\/eqso.titanix.net\/wp-content\/uploads\/2021\/04\/eqso_piirros-300x212.png 300w, https:\/\/eqso.titanix.net\/wp-content\/uploads\/2021\/04\/eqso_piirros-768x543.png 768w\" sizes=\"(max-width: 640px) 100vw, 640px\" \/>\t\t\t\t\t\t\t\t<\/a>\n\t\t\t\t\t\t\t\t\t\t\t\t\t\t\t<\/div>\n\t\t\t\t<\/div>\n\t\t\t\t\t<\/div>\n\t\t<\/div>\n\t\t\t\t\t\t\t<\/div>\n\t\t<\/section>\n\t\t\t\t<section class=\"elementor-section elementor-top-section elementor-element elementor-element-ad2d495 elementor-section-boxed elementor-section-height-default elementor-section-height-default\" data-id=\"ad2d495\" data-element_type=\"section\">\n\t\t\t\t\t\t<div class=\"elementor-container elementor-column-gap-default\">\n\t\t\t\t\t<div class=\"elementor-column elementor-col-100 elementor-top-column elementor-element elementor-element-2d59da5\" data-id=\"2d59da5\" data-element_type=\"column\">\n\t\t\t<div class=\"elementor-widget-wrap elementor-element-populated\">\n\t\t\t\t\t\t\t\t<div class=\"elementor-element elementor-element-86a078b elementor-widget elementor-widget-text-editor\" data-id=\"86a078b\" data-element_type=\"widget\" data-widget_type=\"text-editor.default\">\n\t\t\t\t<div class=\"elementor-widget-container\">\n\t\t\t\t\t\t\t<h3>eQSO toimii :<\/h3><p><a href=\"?page_id=61\" target=\"_blank\" rel=\"noopener\">&#8211; eQSO clientill\u00e4 (win)<\/a><br \/><a href=\"?page_id=61\" target=\"_blank\" rel=\"noopener\">&#8211; Zellolla (iOS\/Android,MacOS [M1])<\/a><br \/>&#8211; FRN (win)<br \/>&#8211; Svxlink (linux, raspberry-pi, orange-pi, nano-pi, C.H.I.P)<br \/>&#8211; <a href=\"?page_id=89\" target=\"_blank\" rel=\"noopener\">DMR (radio + hotspotti)<\/a> jne..<br \/>&#8211; Lis\u00e4\u00e4 ohjelmisto tukia tulossa, tarkoitus olisi kaikilla p\u00e4\u00e4st\u00e4 j\u00e4rjestelm\u00e4\u00e4n, jotta k\u00e4ytt\u00e4j\u00e4 voi k\u00e4ytt\u00e4\u00e4 mit\u00e4 itse haluaa.<\/p><p><a href=\"?page_id=89\" target=\"_blank\" rel=\"noopener\">Lis\u00e4tietoja ja ohjeet Digitaaliradioista (DMR:st\u00e4) t\u00e4st\u00e4.<\/a><\/p>\t\t\t\t\t\t<\/div>\n\t\t\t\t<\/div>\n\t\t\t\t\t<\/div>\n\t\t<\/div>\n\t\t\t\t\t\t\t<\/div>\n\t\t<\/section>\n\t\t\t\t<section class=\"elementor-section elementor-top-section elementor-element elementor-element-5e22ab6 elementor-section-boxed elementor-section-height-default elementor-section-height-default\" data-id=\"5e22ab6\" data-element_type=\"section\">\n\t\t\t\t\t\t<div class=\"elementor-container elementor-column-gap-default\">\n\t\t\t\t\t<div class=\"elementor-column elementor-col-100 elementor-top-column elementor-element elementor-element-15d6ca9\" data-id=\"15d6ca9\" data-element_type=\"column\">\n\t\t\t<div class=\"elementor-widget-wrap elementor-element-populated\">\n\t\t\t\t\t\t\t\t<div class=\"elementor-element elementor-element-6e0644b elementor-widget-divider--view-line elementor-widget elementor-widget-divider\" data-id=\"6e0644b\" data-element_type=\"widget\" data-widget_type=\"divider.default\">\n\t\t\t\t<div class=\"elementor-widget-container\">\n\t\t\t\t\t<div class=\"elementor-divider\">\n\t\t\t<span class=\"elementor-divider-separator\">\n\t\t\t\t\t\t<\/span>\n\t\t<\/div>\n\t\t\t\t<\/div>\n\t\t\t\t<\/div>\n\t\t\t\t\t<\/div>\n\t\t<\/div>\n\t\t\t\t\t\t\t<\/div>\n\t\t<\/section>\n\t\t\t\t<section class=\"elementor-section elementor-top-section elementor-element elementor-element-19c7f97 elementor-section-boxed elementor-section-height-default elementor-section-height-default\" data-id=\"19c7f97\" data-element_type=\"section\">\n\t\t\t\t\t\t<div class=\"elementor-container elementor-column-gap-default\">\n\t\t\t\t\t<div class=\"elementor-column elementor-col-100 elementor-top-column elementor-element elementor-element-7177656\" data-id=\"7177656\" data-element_type=\"column\">\n\t\t\t<div class=\"elementor-widget-wrap elementor-element-populated\">\n\t\t\t\t\t\t\t\t<div class=\"elementor-element elementor-element-483ffc4 elementor-widget elementor-widget-text-editor\" data-id=\"483ffc4\" data-element_type=\"widget\" data-widget_type=\"text-editor.default\">\n\t\t\t\t<div class=\"elementor-widget-container\">\n\t\t\t\t\t\t\t<p>eQSO on linkitetty FinFRN palvelimelle toistaiseksi.<br \/>eQSOLLA on my\u00f6s oma FRN palvelin joka toimii osoitteessa <span style=\"color: #ff0000;\">frn.titanix.net<\/span> portissa: <span style=\"color: #ff0000;\">10024<\/span><\/p>\t\t\t\t\t\t<\/div>\n\t\t\t\t<\/div>\n\t\t\t\t\t<\/div>\n\t\t<\/div>\n\t\t\t\t\t\t\t<\/div>\n\t\t<\/section>\n\t\t\t\t<section class=\"elementor-section elementor-top-section elementor-element elementor-element-78b2c33 elementor-section-boxed elementor-section-height-default elementor-section-height-default\" data-id=\"78b2c33\" data-element_type=\"section\">\n\t\t\t\t\t\t<div class=\"elementor-container elementor-column-gap-default\">\n\t\t\t\t\t<div class=\"elementor-column elementor-col-100 elementor-top-column elementor-element elementor-element-7f5abee\" data-id=\"7f5abee\" data-element_type=\"column\">\n\t\t\t<div class=\"elementor-widget-wrap elementor-element-populated\">\n\t\t\t\t\t\t\t\t<div class=\"elementor-element elementor-element-6c53eb4 elementor-widget elementor-widget-heading\" data-id=\"6c53eb4\" data-element_type=\"widget\" data-widget_type=\"heading.default\">\n\t\t\t\t<div class=\"elementor-widget-container\">\n\t\t\t<h2 class=\"elementor-heading-title elementor-size-default\"><a href=\"https:\/\/eqso.titanix.net\/oldeqso\/\">Sivu on v\u00e4h\u00e4n rakenteilla, t\u00e4st\u00e4 vanhaan versioon <\/a><\/h2>\t\t<\/div>\n\t\t\t\t<\/div>\n\t\t\t\t\t<\/div>\n\t\t<\/div>\n\t\t\t\t\t\t\t<\/div>\n\t\t<\/section>\n\t\t\t\t\t\t\t<\/div>\n\t\t","protected":false},"excerpt":{"rendered":"<p>Johdanto, mik\u00e4 on eQSO ? eQSO j\u00e4rjestelm\u00e4 on avoin radio-verkko tarkoitettu luvasta vapautettujen laitteiden liitt\u00e4miseksi, esimerkiksi RHA 68, PMR 446, DMR(digitaaliradiot), LA\/CB -Puhelimet (27MHz) sek\u00e4 joissakin m\u00e4\u00e4rin luvallisia VHF\/UHF toistimia voi my\u00f6s kytke\u00e4.Kaikki radiot on liitetty kesken\u00e4\u00e4n, n\u00e4in ollen liikenett\u00e4 syntyy ja voidaan pit\u00e4\u00e4 yhteyksi\u00e4 ymp\u00e4ri Suomea toistemme kanssa.Kuka vain voi k\u00e4ytt\u00e4\u00e4 j\u00e4rjestelm\u00e4\u00e4 ja liitt\u00e4\u00e4 [&hellip;]<\/p>\n","protected":false},"author":1,"featured_media":27,"parent":0,"menu_order":0,"comment_status":"closed","ping_status":"closed","template":"","meta":{"footnotes":""},"_links":{"self":[{"href":"https:\/\/eqso.titanix.net\/index.php?rest_route=\/wp\/v2\/pages\/22"}],"collection":[{"href":"https:\/\/eqso.titanix.net\/index.php?rest_route=\/wp\/v2\/pages"}],"about":[{"href":"https:\/\/eqso.titanix.net\/index.php?rest_route=\/wp\/v2\/types\/page"}],"author":[{"embeddable":true,"href":"https:\/\/eqso.titanix.net\/index.php?rest_route=\/wp\/v2\/users\/1"}],"replies":[{"embeddable":true,"href":"https:\/\/eqso.titanix.net\/index.php?rest_route=%2Fwp%2Fv2%2Fcomments&post=22"}],"version-history":[{"count":67,"href":"https:\/\/eqso.titanix.net\/index.php?rest_route=\/wp\/v2\/pages\/22\/revisions"}],"predecessor-version":[{"id":155,"href":"https:\/\/eqso.titanix.net\/index.php?rest_route=\/wp\/v2\/pages\/22\/revisions\/155"}],"wp:featuredmedia":[{"embeddable":true,"href":"https:\/\/eqso.titanix.net\/index.php?rest_route=\/wp\/v2\/media\/27"}],"wp:attachment":[{"href":"https:\/\/eqso.titanix.net\/index.php?rest_route=%2Fwp%2Fv2%2Fmedia&parent=22"}],"curies":[{"name":"wp","href":"https:\/\/api.w.org\/{rel}","templated":true}]}}